{"id":14,"date":"2021-12-23T12:22:50","date_gmt":"2021-12-23T03:22:50","guid":{"rendered":"https:\/\/alesco.fit\/media\/?page_id=14"},"modified":"2024-09-12T13:39:55","modified_gmt":"2024-09-12T04:39:55","slug":"contact","status":"publish","type":"page","link":"https:\/\/alesco.fit\/media\/contact\/","title":{"rendered":"\u63b2\u8f09\u306b\u95a2\u3059\u308b\u304a\u554f\u3044\u5408\u308f\u305b"},"content":{"rendered":"<div id=\"toc_content\"><div id=\"contactForm\">\r\n<div class=\"contactFormWrap\">\r\n<div class=\"contactFormLeft\"><strong>ContactForm<\/strong>\r\n<h2>\u63b2\u8f09\u5e0c\u671b\u30d5\u30a9\u30fc\u30e0<\/h2>\r\n<p><b>\u63b2\u8f09\u5e0c\u671b<\/b>\u30fb\u305d\u306e\u4ed6\u306e\u304a\u554f\u3044\u5408\u308f\u305b\u306a\u3069\u304a\u6c17\u8efd\u306b\u304a\u554f\u3044\u5408\u308f\u305b\u304f\u3060\u3055\u3044\u3002<\/p>\r\n<\/div>\r\n<div class=\"contactFormRight\"><div role=\"form\" class=\"wpcf7\" id=\"wpcf7-f6-o1\" lang=\"ja\" dir=\"ltr\">\n<div class=\"screen-reader-response\"><p role=\"status\" aria-live=\"polite\" aria-atomic=\"true\"><\/p> <ul><\/ul><\/div>\n<form action=\"\/media\/wp-json\/wp\/v2\/pages\/14#wpcf7-f6-o1\" method=\"post\" class=\"wpcf7-form init\" novalidate=\"novalidate\" data-status=\"init\">\n<div style=\"display: none;\">\n<input type=\"hidden\" name=\"_wpcf7\" value=\"6\" \/>\n<input type=\"hidden\" name=\"_wpcf7_version\" value=\"5.5.3\" \/>\n<input type=\"hidden\" name=\"_wpcf7_locale\" value=\"ja\" \/>\n<input type=\"hidden\" name=\"_wpcf7_unit_tag\" value=\"wpcf7-f6-o1\" \/>\n<input type=\"hidden\" name=\"_wpcf7_container_post\" value=\"0\" \/>\n<input type=\"hidden\" name=\"_wpcf7_posted_data_hash\" value=\"\" \/>\n<\/div>\n<div class=\"cf_post\">\n<h2>\u63b2\u8f09\u5e0c\u671b\u306e\u304a\u554f\u3044\u5408\u308f\u305b<\/h2>\n<table class=\"table table-contactform7\">\n<tr>\n<th><span class=\"title-contactform7\">\u304a\u540d\u524d<\/span><span class=\"required-contactform7\">\u5fc5\u9808<\/span><\/th>\n<td><span class=\"wpcf7-form-control-wrap your-name\"><input type=\"text\" name=\"your-name\" value=\"\" size=\"40\" class=\"wpcf7-form-control wpcf7-text wpcf7-validates-as-required\" aria-required=\"true\" aria-invalid=\"false\" placeholder=\"\u4f8b\uff1a\u5c71\u7530\u3000\u82b1\u5b50\" \/><\/span> <\/td>\n<\/tr>\n<p>\u3000\u3000\u3000<br \/>\n<tr>\n<th><span class=\"title-contactform7\">\u304a\u96fb\u8a71\u756a\u53f7<\/span><span class=\"required-contactform7\">\u5fc5\u9808<\/span><\/th>\n<td><span class=\"wpcf7-form-control-wrap text-tel\"><input type=\"text\" name=\"text-tel\" value=\"\" size=\"40\" class=\"wpcf7-form-control wpcf7-text wpcf7-validates-as-required\" aria-required=\"true\" aria-invalid=\"false\" placeholder=\"\u4f8b\uff1a08012345678\" \/><\/span><\/td>\n<\/tr>\n<tr>\n<th><span class=\"title-contactform7\">\u30e1\u30fc\u30eb\u30a2\u30c9\u30ec\u30b9<\/span><span class=\"required-contactform7\">\u5fc5\u9808<\/span><\/th>\n<td><span class=\"wpcf7-form-control-wrap your-email\"><input type=\"email\" name=\"your-email\" value=\"\" size=\"40\" class=\"wpcf7-form-control wpcf7-text wpcf7-email wpcf7-validates-as-required wpcf7-validates-as-email\" aria-required=\"true\" aria-invalid=\"false\" placeholder=\"\u4f8b\uff1a\u00d7\u00d7\u00d7@\u00d7\u00d7\u00d7.com\" \/><\/span><\/td>\n<\/tr>\n<tr>\n<th><span class=\"title-contactform7\">\u304a\u554f\u3044\u5408\u308f\u305b\u5185\u5bb9<\/span><\/th>\n<td class=\"message-100\"><span class=\"wpcf7-form-control-wrap your-message\"><textarea name=\"your-message\" cols=\"40\" rows=\"10\" class=\"wpcf7-form-control wpcf7-textarea\" aria-invalid=\"false\" placeholder=\"\u304a\u554f\u3044\u5408\u308f\u305b\u5185\u5bb9\"><\/textarea><\/span><\/td>\n<\/tr>\n<\/table>\n<p class=\"txt_cent\"><input type=\"submit\" value=\"\u9001\u4fe1\u3059\u308b\" class=\"wpcf7-form-control has-spinner wpcf7-submit\" \/><\/p>\n<\/div>\n<div class=\"wpcf7-response-output\" aria-hidden=\"true\"><\/div><\/form><\/div><\/div>\r\n<\/div>\r\n<\/div><\/div>","protected":false},"excerpt":{"rendered":"ContactForm \u63b2\u8f09\u5e0c\u671b\u30d5\u30a9\u30fc\u30e0 \u63b2\u8f09\u5e0c\u671b\u30fb\u305d\u306e\u4ed6\u306e\u304a\u554f\u3044\u5408\u308f\u305b\u306a\u3069\u304a\u6c17\u8efd\u306b\u304a\u554f\u3044\u5408\u308f\u305b\u304f\u3060\u3055\u3044\u3002","protected":false},"author":2,"featured_media":0,"parent":0,"menu_order":2,"comment_status":"closed","ping_status":"closed","template":"page_onecolumn.php","meta":{"inline_featured_image":false,"footnotes":""},"class_list":["post-14","page","type-page","status-publish","hentry"],"acf":[],"_links":{"self":[{"href":"https:\/\/alesco.fit\/media\/wp-json\/wp\/v2\/pages\/14","targetHints":{"allow":["GET"]}}],"collection":[{"href":"https:\/\/alesco.fit\/media\/wp-json\/wp\/v2\/pages"}],"about":[{"href":"https:\/\/alesco.fit\/media\/wp-json\/wp\/v2\/types\/page"}],"author":[{"embeddable":true,"href":"https:\/\/alesco.fit\/media\/wp-json\/wp\/v2\/users\/2"}],"replies":[{"embeddable":true,"href":"https:\/\/alesco.fit\/media\/wp-json\/wp\/v2\/comments?post=14"}],"version-history":[{"count":11,"href":"https:\/\/alesco.fit\/media\/wp-json\/wp\/v2\/pages\/14\/revisions"}],"predecessor-version":[{"id":3151,"href":"https:\/\/alesco.fit\/media\/wp-json\/wp\/v2\/pages\/14\/revisions\/3151"}],"wp:attachment":[{"href":"https:\/\/alesco.fit\/media\/wp-json\/wp\/v2\/media?parent=14"}],"curies":[{"name":"wp","href":"https:\/\/api.w.org\/{rel}","templated":true}]}}